s of l(14).
2, 11
Let f = 0 + 2. Let j = 6 + f. List the prime factors of j.
2
Suppose 0 = 5*m - 278 - 107. What are the prime factors of m?
7, 11
Suppose 0 = -2*c + 3*r + 122, 4*r = 5*c + 3*r - 331. List the prime factors of c.
67
List the prime factors of (-39)/(-52) - 178/(-8).
23
Suppose -3*j + 117 = 6*j. List the prime factors of j.
13
What are the prime factors of (-2)/(-1)*(-187)/(-22)?
17
Let f = -3 - -4. Suppose -4*k = -11 - f. Suppose -4*p + 2*a + 52 = 0, k*p + 4*a - 3*a = 34. List the prime factors of p.
2, 3
Suppose -10*p + 497 = -3*p. List the prime factors of p.
71
Suppose -5*c - 5*q + 47 = -228, 0 = -4*q - 16. Suppose -71 - c = -5*k. What are the prime factors of k?
2, 13
Let o be ((-10)/(-4))/(-1)*-2. Suppose 5*l - o*d - 45 = 0, -5*l + l = d - 11. List the prime factors of l.
2
Let u = 320 + -185. What are the prime factors of u?
3, 5
Let g = 4 - 5. Let r = 12 - g. Let j = 24 - r. List the prime factors of j.
11
Let v(t) = t**2 - t**2 + t**2 - t. Let w(m) = -m**3 + 4*m**2 - m + 1. Let l be w(4). What are the prime factors of v(l)?
2, 3
Let o(r) = -r**2 - 10*r - 11. Let k be o(-8). Suppose h = k*h - 96. What are the prime factors of h?
2, 3
Let n be (-18)/117 - (-2)/13. Suppose n*k = 5*k - 4*o - 182, 40 = k + o. What are the prime factors of k?
2, 19
Let w be (-4)/(-6) - 26/(-6). Let a be 153/6 - (-2)/4. Suppose w*u - a = 24. What are the prime factors of u?
2, 5
Suppose -2*o = -5*x - 48 - 156, 0 = 2*o - 2*x - 210. What are the prime factors of o?
107
Let w(n) = -7*n + 1. What are the prime factors of w(-1)?
2
Let m(s) = -3*s + 5. Let o be m(9). Let r = o + 31. What are the prime factors of r?
3
Let w(g) = -g**2 - g - 1. Let p(u) = -3*u**3 - u - 1. Let l(x) = p(x) - w(x). What are the prime factors of l(-1)?
2
Suppose v = -35 + 288. What are the prime factors of v?
11, 23
Let r(x) = x**2 + 11*x. Let q be r(-11). Suppose -5*w + 41 + 4 = q. List the prime factors of w.
3
Let o = 7 - 11. Suppose -3*y = -2*d + 2, d + 4*d = y + 18. What are the prime factors of ((-6)/d)/(2/o)?
3
Let f be (12/10)/((-3)/(-45)). Suppose -4*c = -3*n + 32, -2*n + 0*n + 2*c = -f. What are the prime factors of n?
2
Suppose 3*v + 7 = 19. Suppose -2*u = -28 + v. What are the prime factors of u?
2, 3
Let m(c) be the third derivative of c**5/60 + c**4/8 + c**3/3 + 2*c**2. Suppose 5*o - o = -g - 23, -5*o - 37 = 4*g. What are the prime factors of m(g)?
2
What are the prime factors of ((-2)/6)/(11/(-495))?
3, 5
Suppose -2*q = 2 - 6. Suppose 5*s = -5*v + q*s + 237, -v + 37 = -2*s. Suppose 2*m = -3*m + v. List the prime factors of m.
3
Let r(m) = m**2 + 2*m + 4*m - 3*m - 4*m. What are the prime factors of r(-3)?
2, 3
Let w(t) be the first derivative of -t**3/3 + 7*t**2/2 - t - 3. List the prime factors of w(5).
3
Suppose 4*h = 5*h + 6. Let d(s) = -s + 7. List the prime factors of d(h).
13
Suppose -192 + 18 = -f. List the prime factors of f.
2, 3, 29
Suppose -4*c = c + 50. List the prime factors of 2/c - (-21)/5.
2
Let s(a) = a**2 - 2*a - 1. Let z be s(2). List the prime factors of 2/(z/2*-1).
2
Suppose 2*o - 47 = 25. What are the prime factors of o?
2, 3
Let s = 81 + -68. What are the prime factors of s?
13
Let g(o) = -o + 4. Let i be g(-3). Suppose 14*j - 25 = 9*j. Suppose 5*d + i*l - 50 = 2*l, j = 3*d - 2*l. List the prime factors of d.
5
Let v = -8 - -24. List the prime factors of v.
2
Let h(q) = q**2 - 5*q. Let c be h(5). Suppose c = 2*s - 0*o - o - 6, -4*o = 2*s + 4. List the prime factors of (-1 - (-3)/s)*12.
2, 3
Let y(j) = j + 1. Let l be y(-1). What are the prime factors of 1 + 19 + l + -2?
2, 3
Suppose -2*v - 2*j + 91 = -5*j, -v + 51 = 4*j. List the prime factors of v.
47
Let h be 1/(-4 - (-17)/4). Suppose h*n + 37 = 2*z - 15, 0 = 5*z + 2*n - 154. What are the prime factors of z?
2, 3, 5
Suppose 85 = -4*t - 55. Let a = t - -53. What are the prime factors of a?
2, 3
Let i(q) be the third derivative of -q**6/40 - q**4/24 + q**2. Suppose -2 = -r - 3. What are the prime factors of i(r)?
2
Let s = 9 + -16. Let g(t) = t**2 + 7*t. Let m be g(s). Suppose -j + 6*j - 25 = m, -2*k + 43 = 3*j. What are the prime factors of k?
2, 7
Suppose 6*y - 9*y = -150. List the prime factors of y.
2, 5
Let t be 19/(5/(-2) + 2). Let y be t/(-2*(-2 + 3)). Let d = y - 12. List the prime factors of d.
7
Suppose -n = -29 - 32. List the prime factors of n.
61
Let k = 6 - 1. Suppose -k*h + 65 = -35. What are the prime factors of h?
2, 5
Let c = -6 - -4. Let r = 3 - c. What are the prime factors of r?
5
Let v be 1/4 - (-141)/12. Suppose -2*z + 2*c = -2*c - v, 0 = -5*z - 5*c - 15. What are the prime factors of (-1)/((z + -1)/2)?
2
Suppose -4 - 16 = -2*y - 5*b, -y + 3*b + 21 = 0. Suppose 3*w = 2*w + y. What are the prime factors of w?
3, 5
Suppose 4*m - 31 = v + 364, 3*v - 15 = 0. Let k be 0/2 + 10/2. Suppose 0 = -k*u - 0*u + m. What are the prime factors of u?
2, 5
Let h(o) = 25*o**3 - 2*o**2 - 2*o - 2. Let q be h(-2). List the prime factors of (-4)/(-10) + q/(-10).
3, 7
Let h = -2 + -1. Suppose -k = x + x + 3, -2*k = -2*x - 18. What are the prime factors of k + -1 + h + 5?
2, 3
Let d = -24 + 36. Suppose -2 = 5*a - d. Suppose a*j - u + 1 = 4, 4*u - 24 = -j. List the prime factors of j.
2
Suppose -3 = p - q, 5*p + 9 = -2*q - 6. Let g = 1 - 2. List the prime factors of (g - p) + (-63)/(-7).
11
Let z = 3 - 3. Let c be (z + -2)/((-2)/3). Suppose 5*r = -4*f + f, -2*r = c*f + 9. What are the prime factors of r?
3
Let t(k) = 5*k**2 - 23*k - 5. List the prime factors of t(6).
37
Let h be 1 + 1 + -7 + 15. What are the prime factors of 0 + (-1 + h - 1)?
2
Let q = -9 - -29. List the prime factors of q.
2, 5
Let x be ((-5)/(-2))/(3/6). Let f(z) = z**2 - 7*z + 1. Let t be f(x). Let m(n) = -n. List the prime factors of m(t).
3
Suppose -3*h + 4*h = -3*a + 10, a - 12 = 4*h. Let f = 49 + -39. List the prime factors of f/a*(-16)/(-20).
2
Let y = -5 + 10. Suppose -y + 15 = 2*q + 4*b, -4*q + 3*b - 13 = 0. Let f(l) = -5*l**3 + l**2 - 1. What are the prime factors of f(q)?
5
Suppose -q + 51 = -2*t, 0*t - 241 = -5*q + 3*t. What are the prime factors of q?
47
Let y(k) = -3*k - 13. Let n be y(-9). Let a be 4/6 - 2/3. Suppose a = -5*h + n + 11. List the prime factors of h.
5
Let r be -6 + -2 + (1 - -1). Let w(n) = -3*n**2 + 7*n + 6. Let f(s) = -2*s**2 + 8*s + 7. Let j(m) = r*w(m) + 5*f(m). What are the prime factors of j(-1)?
3
Let y(b) = b**3 - 2*b**2 - 8*b + 3. Let r be y(6). Let n = r + -56. List the prime factors of n.
43
List the prime factors of (2 - -87)*-2*2/(-4).
89
List the prime factors of (-2)/9 + 22190/63.
2, 11
Let z(s) be the first derivative of -s**3/3 + 9*s**2/2 - 5*s - 2. Let h be z(9). Let w(g) = g**2 + 3*g + 1. List the prime factors of w(h).
11
Let h = -7 - -12. Suppose h*c = c - 48. Let s(g) = -g**3 - 13*g**2 - 13*g - 8. List the prime factors of s(c).
2
Suppose 0*h + 13 = h + 2*j, 4*j - 3 = -h. List the prime factors of h.
23
Let u(g) = 6*g - 1. Let b be u(-1). Let j be (5/(-2))/(2/(-12)). Let i = j + b. What are the prime factors of i?
2
Suppose 2*o = -3*g + 7, 0 = -5*o - 3*g + 3 + 1. Let r = o - -4. List the prime factors of 6/2*10/r.
2, 5
Suppose 0 = 3*n - 4*n + 1. Let o be n/(-3)*(-1 - 2). List the prime factors of 11/4 + o/4.
3
Suppose 0 = -5*i + 3*i - 12. Let x(z) = -z**2 - 8*z - 7. Let d be x(i). List the prime factors of 22/2 - 5/d.
2, 5
Suppose -j + 16 = 3*g - 5*j, 0 = 4*j + 16. Suppose g = -5*m + 1 + 4. What are the prime factors of (5/2*6)/m?
3, 5
Let x(r) = -r**2 + 1 + 1 + 3 + 3*r. Let b be x(4). List the prime factors of b + 2/4*6.
2
Let d(o) = -o**3 + 9*o**2 + 2*o - 11. Suppose 0 = -4*s - u + 40, 5*s - 2*s - 5*u - 7 = 0. List the prime factors of d(s).
7
Let n(s) = s**2 + 2*s + 2. Suppose -11 = 3*y - g, 0*y = y - 5*g + 27. List the prime factors of n(y).
2
Let o = 10 + -1. Suppose -4*z = 2*y - 34, -3*y + 4*z + o + 12 = 0. What are the prime factors of y?
11
Suppose o + 2 = -k - 1, 3*o - 31 = 5*k. Let b be ((-45)/(-20))/(3/64). Suppose b = u + o*u. List the prime factors of u.
2
Let f(j) = -j - 3. Let y(u) = 5*u**3 + u**2 - 1. Let q be y(1). Let n(w) = -w**3 + 6*w**2 - 5*w - 5. Let h be n(q). List the prime factors of f(h).
2
Suppose v - 6*v = -1140. List the prime factors of v.
2, 3, 19
Suppose -451 = 5*i - 1306. List the prime factors of (2/(-3))/((-6)/i).
19
Suppose 8 = 5